{"id":3234,"date":"2015-07-14T15:22:13","date_gmt":"2015-07-14T15:22:13","guid":{"rendered":"http:\/\/webapp389945.ip-104-200-17-165.cloudezapp.io\/?page_id=3234"},"modified":"2015-07-14T15:22:13","modified_gmt":"2015-07-14T15:22:13","slug":"inicio-2","status":"publish","type":"page","link":"https:\/\/www.wfmsistemas.com.br\/","title":{"rendered":"Inicio"},"content":{"rendered":"<div  class='avia-slideshow av-av_slideshow-30010ef1ed80188e346054253c71a784 avia-slideshow-entry_without_sidebar av_slideshow avia-slide_up-slider  avia-builder-el-0  el_before_av_heading  avia-builder-el-first  av-slideshow-ui av-control-minimal av-slideshow-autoplay av-loop-endless av-loop-manual-endless av-default-height-applied avia-slideshow-1' data-slideshow-options=\"{&quot;animation&quot;:&quot;slide_up&quot;,&quot;autoplay&quot;:true,&quot;loop_autoplay&quot;:&quot;endless&quot;,&quot;interval&quot;:7,&quot;loop_manual&quot;:&quot;manual-endless&quot;,&quot;autoplay_stopper&quot;:false,&quot;noNavigation&quot;:false,&quot;bg_slider&quot;:false,&quot;keep_padding&quot;:false,&quot;hoverpause&quot;:false,&quot;show_slide_delay&quot;:0}\"  itemprop=\"image\" itemscope=\"itemscope\" itemtype=\"https:\/\/schema.org\/ImageObject\" ><ul class='avia-slideshow-inner ' style='padding-bottom: 39.275766016713%;'><li  class='avia-slideshow-slide av-av_slideshow-30010ef1ed80188e346054253c71a784__0  slide-1 slide-odd'><div data-rel='slideshow-1' class='avia-slide-wrap '   ><div class='av-slideshow-caption av-av_slideshow-30010ef1ed80188e346054253c71a784__0 avia-caption'><div class=\"avia-inner-caption\"><h2 class='avia-caption-title '  itemprop=\"name\" >Quer reduzir custos ?<\/h2><div class='avia-caption-content '  itemprop=\"description\" ><p>Economia comprovada entre 5 a 10% na folha de pagamento<\/p>\n<\/div><\/div><\/div><img decoding=\"async\" fetchpriority=\"high\" class=\"wp-image-3435 avia-img-lazy-loading-not-3435\"  src=\"https:\/\/www.wfmsistemas.com.br\/wp-content\/uploads\/2015\/07\/reducao-de-custos.jpg\" width=\"1077\" height=\"423\" title='redu\u00e7\u00e3o de custos' alt=''  itemprop=\"thumbnailUrl\"   \/><\/div><\/li><li  class='avia-slideshow-slide av-av_slideshow-30010ef1ed80188e346054253c71a784__1  slide-2 slide-even'><a href=\"https:\/\/www.wfmsistemas.com.br\/?page_id=3279\"  data-rel='slideshow-1' class='avia-slide-wrap '   ><div class='av-slideshow-caption av-av_slideshow-30010ef1ed80188e346054253c71a784__1 avia-caption'><div class=\"avia-inner-caption\"><h2 class='avia-caption-title '  itemprop=\"name\" >Agora no Brasil<\/h2><div class='avia-caption-content '  itemprop=\"description\" ><p>Uma ferramenta tecnol\u00f3gica que organiza a for\u00e7a de trabalho dentro das institui\u00e7\u00f5es.<\/p>\n<p>Saiba mais&#8230;<\/p>\n<\/div><\/div><\/div><img decoding=\"async\" fetchpriority=\"high\" class=\"wp-image-3437 avia-img-lazy-loading-not-3437\"  src=\"https:\/\/www.wfmsistemas.com.br\/wp-content\/uploads\/2015\/07\/realidade-no-brasil.jpg\" width=\"1077\" height=\"423\" title='realidade no brasil' alt=''  itemprop=\"thumbnailUrl\"   \/><\/a><\/li><li  class='avia-slideshow-slide av-av_slideshow-30010ef1ed80188e346054253c71a784__2  slide-3 slide-odd'><div data-rel='slideshow-1' class='avia-slide-wrap '   ><div class='av-slideshow-caption av-av_slideshow-30010ef1ed80188e346054253c71a784__2 avia-caption'><div class=\"avia-inner-caption\"><h2 class='avia-caption-title '  itemprop=\"name\" >Workforce Management<\/h2><div class='avia-caption-content '  itemprop=\"description\" ><p>Dimensionamento, Planejamento e Gest\u00e3o Operacional de Equipes estar\u00e3o interligados, gerando seguran\u00e7a e aumento de produtividade<\/p>\n<\/div><\/div><\/div><img decoding=\"async\" fetchpriority=\"high\" class=\"wp-image-3269 avia-img-lazy-loading-not-3269\"  src=\"https:\/\/www.wfmsistemas.com.br\/wp-content\/uploads\/2015\/07\/mdnet-workforce-management4.jpg\" width=\"1077\" height=\"423\" title='mdnet-workforce-management' alt=''  itemprop=\"thumbnailUrl\"   \/><\/div><\/li><\/ul><div class='avia-slideshow-arrows avia-slideshow-controls' ><a href='#prev' class='prev-slide ' aria-hidden='true' data-av_icon='\ue87c' data-av_iconfont='entypo-fontello'  tabindex='-1'>Anterior<\/a><a href='#next' class='next-slide ' aria-hidden='true' data-av_icon='\ue87d' data-av_iconfont='entypo-fontello'  tabindex='-1'>Pr\u00f3ximo<\/a><\/div><div class='avia-slideshow-dots avia-slideshow-controls'><a href='#1' class='goto-slide active' >1<\/a><a href='#2' class='goto-slide ' >2<\/a><a href='#3' class='goto-slide ' >3<\/a><\/div><\/div>\n\n<style type=\"text\/css\" data-created_by=\"avia_inline_auto\" id=\"style-css-av-av_heading-149e650df8b67e3b3e45239efd8b3e0b\">\n#top .av-special-heading.av-av_heading-149e650df8b67e3b3e45239efd8b3e0b{\npadding-bottom:10px;\ncolor:#053378;\n}\nbody .av-special-heading.av-av_heading-149e650df8b67e3b3e45239efd8b3e0b .av-special-heading-tag .heading-char{\nfont-size:25px;\n}\n.av-special-heading.av-av_heading-149e650df8b67e3b3e45239efd8b3e0b .special-heading-inner-border{\nborder-color:#053378;\n}\n.av-special-heading.av-av_heading-149e650df8b67e3b3e45239efd8b3e0b .av-subheading{\nfont-size:15px;\n}\n<\/style>\n<div  class='av-special-heading av-av_heading-149e650df8b67e3b3e45239efd8b3e0b av-special-heading-h2 custom-color-heading blockquote modern-quote modern-centered  avia-builder-el-1  el_after_av_slideshow  el_before_av_one_full '><h2 class='av-special-heading-tag '  itemprop=\"headline\"  >Setor de atua\u00e7\u00e3o<\/h2><div class=\"special-heading-border\"><div class=\"special-heading-inner-border\"><\/div><\/div><\/div>\n<div  class='flex_column av-av_one_full-2a9015ff38129c418a3f2eafba3e9512 av_one_full  avia-builder-el-2  el_after_av_heading  el_before_av_one_half  first flex_column_div  '     ><\/div>\n<div  class='flex_column av-av_one_half-2a9015ff38129c418a3f2eafba3e9512 av_one_half  avia-builder-el-3  el_after_av_one_full  el_before_av_one_half  first flex_column_div  column-top-margin'     ><style type=\"text\/css\" data-created_by=\"avia_inline_auto\" id=\"style-css-av-av_image-81a7a685ccc2e652fef3086495130f1b\">\n.avia-image-container.av-av_image-81a7a685ccc2e652fef3086495130f1b img.avia_image{\nbox-shadow:none;\n}\n.avia-image-container.av-av_image-81a7a685ccc2e652fef3086495130f1b .av-caption-image-overlay-bg{\nopacity:0.4;\nbackground-color:#000000;\n}\n.avia-image-container.av-av_image-81a7a685ccc2e652fef3086495130f1b .av-image-caption-overlay-center{\ncolor:#ffffff;\n}\n<\/style>\n<div  class='avia-image-container av-av_image-81a7a685ccc2e652fef3086495130f1b av-styling- av-img-linked avia-align-center  avia-builder-el-4  avia-builder-el-no-sibling  noHover av-overlay-on-hover'   itemprop=\"image\" itemscope=\"itemscope\" itemtype=\"https:\/\/schema.org\/ImageObject\" ><div class=\"avia-image-container-inner\"><div class=\"avia-image-overlay-wrap\"><a href=\"https:\/\/www.wfmsistemas.com.br\/?page_id=3363\" class='avia_image '  aria-label='Setor Hospitalar'><div class=\"av-image-caption-overlay\"><div class=\"av-caption-image-overlay-bg\"><\/div><div class=\"av-image-caption-overlay-position\"><div class=\"av-image-caption-overlay-center\"><p>SA\u00daDE<\/p>\n<\/div><\/div><\/div><img decoding=\"async\" fetchpriority=\"high\" class='wp-image-3247 avia-img-lazy-loading-not-3247 avia_image ' src=\"https:\/\/www.wfmsistemas.com.br\/wp-content\/uploads\/2015\/07\/18280556_xxl.jpg\" alt='Setor Hospitalar' title='Setor Hospitalar'  height=\"330\" width=\"495\"  itemprop=\"thumbnailUrl\"  \/><\/a><\/div><\/div><\/div><\/div>\n<div  class='flex_column av-av_one_half-93a81277e5006bb2348109df4de0b554 av_one_half  avia-builder-el-5  el_after_av_one_half  el_before_av_one_full  flex_column_div  column-top-margin'     ><style type=\"text\/css\" data-created_by=\"avia_inline_auto\" id=\"style-css-av-av_image-2360b4de70a6cad5eceb27f86b9ea4ab\">\n.avia-image-container.av-av_image-2360b4de70a6cad5eceb27f86b9ea4ab img.avia_image{\nbox-shadow:none;\n}\n.avia-image-container.av-av_image-2360b4de70a6cad5eceb27f86b9ea4ab .av-caption-image-overlay-bg{\nopacity:0.4;\nbackground-color:#000000;\n}\n.avia-image-container.av-av_image-2360b4de70a6cad5eceb27f86b9ea4ab .av-image-caption-overlay-center{\ncolor:#ffffff;\n}\n<\/style>\n<div  class='avia-image-container av-av_image-2360b4de70a6cad5eceb27f86b9ea4ab av-styling- av-img-linked avia-align-center  avia-builder-el-6  avia-builder-el-no-sibling  noHover av-overlay-on-hover'   itemprop=\"image\" itemscope=\"itemscope\" itemtype=\"https:\/\/schema.org\/ImageObject\" ><div class=\"avia-image-container-inner\"><div class=\"avia-image-overlay-wrap\"><a href=\"https:\/\/www.wfmsistemas.com.br\/?page_id=3469\" class='avia_image '  aria-label='Setor Varejista'><div class=\"av-image-caption-overlay\"><div class=\"av-caption-image-overlay-bg\"><\/div><div class=\"av-image-caption-overlay-position\"><div class=\"av-image-caption-overlay-center\"><p>VAREJO<\/p>\n<\/div><\/div><\/div><img decoding=\"async\" fetchpriority=\"high\" class='wp-image-3255 avia-img-lazy-loading-not-3255 avia_image ' src=\"https:\/\/www.wfmsistemas.com.br\/wp-content\/uploads\/2015\/07\/8-Tips-For-Getting-into-Retail-Channels.jpg\" alt='Setor Varejista' title='Setor Varejista'  height=\"283\" width=\"495\"  itemprop=\"thumbnailUrl\"  \/><\/a><\/div><\/div><\/div><\/div>\n<div  class='flex_column av-av_one_full-2a9015ff38129c418a3f2eafba3e9512 av_one_full  avia-builder-el-7  el_after_av_one_half  avia-builder-el-last  first flex_column_div  column-top-margin'     ><\/div>\n","protected":false},"excerpt":{"rendered":"","protected":false},"author":2,"featured_media":0,"parent":0,"menu_order":0,"comment_status":"open","ping_status":"open","template":"","meta":{"footnotes":""},"class_list":["post-3234","page","type-page","status-publish","hentry"],"_links":{"self":[{"href":"https:\/\/www.wfmsistemas.com.br\/index.php?rest_route=\/wp\/v2\/pages\/3234","targetHints":{"allow":["GET"]}}],"collection":[{"href":"https:\/\/www.wfmsistemas.com.br\/index.php?rest_route=\/wp\/v2\/pages"}],"about":[{"href":"https:\/\/www.wfmsistemas.com.br\/index.php?rest_route=\/wp\/v2\/types\/page"}],"author":[{"embeddable":true,"href":"https:\/\/www.wfmsistemas.com.br\/index.php?rest_route=\/wp\/v2\/users\/2"}],"replies":[{"embeddable":true,"href":"https:\/\/www.wfmsistemas.com.br\/index.php?rest_route=%2Fwp%2Fv2%2Fcomments&post=3234"}],"version-history":[{"count":0,"href":"https:\/\/www.wfmsistemas.com.br\/index.php?rest_route=\/wp\/v2\/pages\/3234\/revisions"}],"wp:attachment":[{"href":"https:\/\/www.wfmsistemas.com.br\/index.php?rest_route=%2Fwp%2Fv2%2Fmedia&parent=3234"}],"curies":[{"name":"wp","href":"https:\/\/api.w.org\/{rel}","templated":true}]}}